{"version":"1.0","provider_name":"Fundaci\u00f3 de M\u00fasica Ferrer-Salat","provider_url":"https:\/\/fundacioferrermusica.org\/en\/","author_name":"fundacions ferrer","author_url":"https:\/\/fundacioferrermusica.org\/en\/author\/socialmedia\/","title":"Lied the Future - Fundaci\u00f3 de M\u00fasica Ferrer-Salat","type":"rich","width":600,"height":338,"html":"<blockquote class=\"wp-embedded-content\" data-secret=\"dMvgDe3QkC\"><a href=\"https:\/\/fundacioferrermusica.org\/en\/lied-the-future\/\">Lied the Future<\/a><\/blockquote><iframe sandbox=\"allow-scripts\" security=\"restricted\" src=\"https:\/\/fundacioferrermusica.org\/en\/lied-the-future\/embed\/#?secret=dMvgDe3QkC\" width=\"600\" height=\"338\" title=\"&#8220;Lied the Future&#8221; &#8212; Fundaci\u00f3 de M\u00fasica Ferrer-Salat\" data-secret=\"dMvgDe3QkC\" frameborder=\"0\" marginwidth=\"0\" marginheight=\"0\" scrolling=\"no\" class=\"wp-embedded-content\"><\/iframe><script>\n\/*! This file is auto-generated *\/\n!function(d,l){\"use strict\";l.querySelector&&d.addEventListener&&\"undefined\"!=typeof URL&&(d.wp=d.wp||{},d.wp.receiveEmbedMessage||(d.wp.receiveEmbedMessage=function(e){var t=e.data;if((t||t.secret||t.message||t.value)&&!\/[^a-zA-Z0-9]\/.test(t.secret)){for(var s,r,n,a=l.querySelectorAll('iframe[data-secret=\"'+t.secret+'\"]'),o=l.querySelectorAll('blockquote[data-secret=\"'+t.secret+'\"]'),c=new RegExp(\"^https?:$\",\"i\"),i=0;i<o.length;i++)o[i].style.display=\"none\";for(i=0;i<a.length;i++)s=a[i],e.source===s.contentWindow&&(s.removeAttribute(\"style\"),\"height\"===t.message?(1e3<(r=parseInt(t.value,10))?r=1e3:~~r<200&&(r=200),s.height=r):\"link\"===t.message&&(r=new URL(s.getAttribute(\"src\")),n=new URL(t.value),c.test(n.protocol))&&n.host===r.host&&l.activeElement===s&&(d.top.location.href=t.value))}},d.addEventListener(\"message\",d.wp.receiveEmbedMessage,!1),l.addEventListener(\"DOMContentLoaded\",function(){for(var e,t,s=l.querySelectorAll(\"iframe.wp-embedded-content\"),r=0;r<s.length;r++)(t=(e=s[r]).getAttribute(\"data-secret\"))||(t=Math.random().toString(36).substring(2,12),e.src+=\"#?secret=\"+t,e.setAttribute(\"data-secret\",t)),e.contentWindow.postMessage({message:\"ready\",secret:t},\"*\")},!1)))}(window,document);\n\/\/# sourceURL=https:\/\/fundacioferrermusica.org\/wp-includes\/js\/wp-embed.min.js\n<\/script>\n","description":"IN COLABORATION WITH THE FRANZ SCHUBERT ASSOCIATION Opening the path to the future of Lied Lied the Future, led by the Associaci\u00f3 Franz Schubert with the sponsorship of the Fundaci\u00f3 Ferrer de M\u00fasica, offers young voice and piano duos from across Europe top-level training and real opportunities for professional growth. The Lied the Future program, [&hellip;]","thumbnail_url":"https:\/\/fundacioferrermusica.org\/wp-content\/uploads\/2022\/03\/Arrow-right.png"}

Fundació de Música Ferrer-Salat

Lied the Future - Fundació de Música Ferrer-Salat

<blockquote class="wp-embedded-content" data-secret="dMvgDe3QkC"><a href="https://fundacioferrermusica.org/en/lied-the-future/">Lied the Future</a></blockquote><iframe sandbox="allow-scripts" security="restricted" src="https://fundacioferrermusica.org/en/lied-the-future/embed/#?secret=dMvgDe3QkC" width="600" height="338" title="&#8220;Lied the Future&#8221; &#8212; Fundació de Música Ferrer-Salat" data-secret="dMvgDe3QkC" frameborder="0" marginwidth="0" marginheight="0" scrolling="no" class="wp-embedded-content"></iframe><script>
/*! This file is auto-generated */
!function(d,l){"use strict";l.querySelector&&d.addEventListener&&"undefined"!=typeof URL&&(d.wp=d.wp||{},d.wp.receiveEmbedMessage||(d.wp.receiveEmbedMessage=function(e){var t=e.data;if((t||t.secret||t.message||t.value)&&!/[^a-zA-Z0-9]/.test(t.secret)){for(var s,r,n,a=l.querySelectorAll('iframe[data-secret="'+t.secret+'"]'),o=l.querySelectorAll('blockquote[data-secret="'+t.secret+'"]'),c=new RegExp("^https?:$","i"),i=0;i<o.length;i++)o[i].style.display="none";for(i=0;i<a.length;i++)s=a[i],e.source===s.contentWindow&&(s.removeAttribute("style"),"height"===t.message?(1e3<(r=parseInt(t.value,10))?r=1e3:~~r<200&&(r=200),s.height=r):"link"===t.message&&(r=new URL(s.getAttribute("src")),n=new URL(t.value),c.test(n.protocol))&&n.host===r.host&&l.activeElement===s&&(d.top.location.href=t.value))}},d.addEventListener("message",d.wp.receiveEmbedMessage,!1),l.addEventListener("DOMContentLoaded",function(){for(var e,t,s=l.querySelectorAll("iframe.wp-embedded-content"),r=0;r<s.length;r++)(t=(e=s[r]).getAttribute("data-secret"))||(t=Math.random().toString(36).substring(2,12),e.src+="#?secret="+t,e.setAttribute("data-secret",t)),e.contentWindow.postMessage({message:"ready",secret:t},"*")},!1)))}(window,document);
//# sourceURL=https://fundacioferrermusica.org/wp-includes/js/wp-embed.min.js
</script>

IN COLABORATION WITH THE FRANZ SCHUBERT ASSOCIATION Opening the path to the future of Lied Lied the Future, led by the Associació Franz Schubert with the sponsorship of the Fundació Ferrer de Música, offers young voice and piano duos from across Europe top-level training and real opportunities for professional growth. The Lied the Future program, [&hellip;]
